be (-11)/(c/(4 + 0)). Calculate the highest common divisor of v and 154.
22
Suppose -370 = -5*l - 3*c, 3*l + 5*c - 238 = -0*c. Let m = -15 + l. What is the greatest common divisor of m and 14?
14
Let b be 19/(5/(-14) - 11/(-22)). Calculate the greatest common factor of 57 and b.
19
Let q = 327 - 251. What is the greatest common factor of 266 and q?
38
Suppose -g - 4*u + 10 = 0, -2*u - 5 = -5*g + 1. Suppose -255 + 48 = -g*l - 3*r, 4*l - 5*r = 425. What is the greatest common divisor of 15 and l?
15
Suppose 6*i = 77 - 17. Calculate the highest common divisor of i and 250.
10
Let b = -190 - -340. Calculate the greatest common factor of 20 and b.
10
Let q(v) be the second derivative of 169*v**4/12 - v**3/6 - 5*v. Let z be q(-1). What is the highest common factor of 68 and z?
34
Let y = 118 - 44. Let k = y + -54. What is the greatest common divisor of 30 and k?
10
Suppose -480 = -12*f + 7*f - 5*m, -m + 384 = 4*f. Calculate the greatest common factor of 12 and f.
12
Let w(q) = -447*q + 1. Let c be w(-1). Suppose -2*r + c = -0*r. Let h = r - 159. Calculate the greatest common factor of 13 and h.
13
Let y(b) = -b**2 - 21*b + 1. Let m be y(-18). Calculate the highest common divisor of 2035 and m.
55
Suppose 5*q = -5*m + 1140, -q + 6*q - 1132 = -3*m. Suppose x - q = -2*s, 5*s = -x + 125 + 111. Calculate the greatest common factor of x and 24.
24
Let l = -9 + 60. Suppose 0*y + l = 4*y + s, -29 = -y + 3*s. Suppose 4*t + 2 = 10. Calculate the greatest common factor of t and y.
2
Suppose 4*i = -68 - 108. Let s = 45 + i. Calculate the greatest common factor of s and 1.
1
Let c(g) = -4*g + 8. Let z be c(-3). Suppose 8*w = 183 - 23. What is the highest common factor of z and w?
20
Let i be 18270/27*(4 + -1). Calculate the highest common factor of 70 and i.
70
Suppose 23*u = 21*u + 112. Calculate the greatest common divisor of u and 476.
28
Let v(q) = -q**3 - q**2 - 9*q - 66. Let x be v(-9). Calculate the greatest common factor of x and 39.
39
Let z(b) = -b**3 - b**2 + 4*b - 4. Let d be z(5). Let r = 148 + d. Calculate the highest common divisor of 7 and r.
7
Let c = 215 - 23. What is the greatest common divisor of 12 and c?
12
Let p(q) be the third derivative of 0 + q**2 + 11/60*q**5 - 1/8*q**4 - 2/3*q**3 + 0*q. Let t be p(4). Calculate the greatest common divisor of t and 16.
16
Let h = -21 - -37. Let s be ((-3)/1)/((-9)/21). Let k = 9 - s. What is the greatest common divisor of k and h?
2
Let s be (-2 + 0)/(((-33)/(-54))/(-11)). Calculate the greatest common divisor of 4 and s.
4
Suppose -114 = -3*g + 3*q, 3*g - 106 = -7*q + 2*q. Let s = g - 21. Let t = s - 12. Calculate the greatest common factor of 6 and t.
2
Suppose -4*t = -2*t. Let q be t + 0 + -4 + 40. Calculate the greatest common factor of 36 and q.
36
Suppose -2*i - 2 = 0, x = -2*i + i. Let g be (4*1)/(x/6). What is the highest common divisor of 12 and g?
12
Let z(j) = 2*j + 10. Let t be z(1). What is the highest common divisor of 60 and t?
12
Let n(w) = 2*w - 11. Let g be n(8). Suppose -g*u + 126 = -x, u - 2*x + 5 = 23. Calculate the greatest common factor of 65 and u.
13
Let l(x) = 8*x + 2*x + 3*x - x + 33. Let u(h) = 3*h + 8. Let i(d) = 2*l(d) - 9*u(d). Let g be i(-8). Calculate the highest common divisor of 198 and g.
18
Let z be (-236)/(-16) + 2/8. Suppose 80*r + 46*r - 1635 = 17*r. What is the highest common divisor of z and r?
15
Let j = 746 - 515. What is the greatest common divisor of 21 and j?
21
Let l(y) = -19*y + 50. Let m be l(2). Calculate the highest common divisor of 28 and m.
4
Let y = 10 + -9. Let n be (-3 + 23 - 1)*(0 + y). Calculate the greatest common factor of n and 171.
19
Suppose -4*o = -7*l + 8*l - 109, -2*o = -4*l - 32. Suppose 0 = -3*t - 0*t + 39. Calculate the highest common divisor of t and o.
13
Suppose 2522 = 5*h - 3*s - 748, 5*h = s + 3280. What is the greatest common divisor of h and 146?
73
Let f be (-1)/(-4)*-1 + (-324)/(-16). Calculate the highest common divisor of 140 and f.
20
Let t(u) = 53*u - 14. Let w(v) = 18*v - 5. Let j(x) = -6*t(x) + 17*w(x). Let k be j(-1). Calculate the highest common factor of k and 1.
1
Let o(p) = 2*p - 5. Let z be o(6). Suppose z*q - 319 = 381. Calculate the greatest common divisor of 20 and q.
20
Suppose 0 = -7*i + 3*i + 372. Calculate the greatest common factor of i and 62.
31
Let q(b) = -b**3 + 16*b**2 - 9*b - 7. Let k be q(15). Let t = k - -49. Calculate the greatest common factor of t and 12.
12
Let w(r) = r**3 + 5*r**2 + r + 7. Let q be w(-5). Suppose -3*m = -q*n - 70, 3*m + 5*n = 10 + 25. Calculate the greatest common factor of 180 and m.
20
Let c(w) = -w**3 + 3*w**2 - 3*w + 2. Let p be c(2). Let a = p + 2. Let i be (a + -3)*(-4 + -1). Calculate the greatest common divisor of 35 and i.
5
Let g = 6 - 5. Let n be (-7)/21*(-7)/(7/15). Calculate the highest common divisor of n and g.
1
Suppose -z - 13 = 2. Let x be (0 - 3) + (z - -13). Let t = x - -10. What is the greatest common divisor of 15 and t?
5
Let r be (-13)/2*(-90 + -44). Calculate the greatest common divisor of r and 39.
13
Suppose -15 = 4*q + 1. Let f be q/(-6)*(2 + -5). Let u be -2*f*47 - 1. Calculate the highest common divisor of u and 17.
17
Suppose 358*c = 357*c + 156. Calculate the greatest common divisor of c and 234.
78
Let s = -7 - -91. Calculate the greatest common divisor of 273 and s.
21
Let u = 38 - 31. Let o(t) = 16*t**2 + 7*t - 1. Let j be o(-2). What is the greatest common divisor of u and j?
7
Suppose -7*u = 8*u + 1365. Let c = u + 101. Calculate the highest common factor of 90 and c.
10
Let x(r) be the third derivative of r**6/60 - r**4/24 + r**3/3 + 8*r**2. Let l be x(2). Let s be 15/3 + l/(-4). What is the highest common divisor of s and 7?
1
Let r(s) = -s**2 + 11*s - 4. Let h be r(7). Let p(w) = w**3 - 7*w**2 + 11*w - 14. Let k be p(6). What is the greatest common factor of k and h?
8
Let t(w) = w**3 + 9*w**2 + 8*w + 9. Let a be t(-8). Let r be 212/18 + 2/a. Calculate the highest common divisor of 24 and r.
12
Let a be (-3)/(-9) + 34/6. Suppose a*n + 13 = 43. Suppose 11 = 3*l - 0*l - n*r, -4*r - 10 = -3*l. What is the greatest common factor of l and 8?
2
Suppose 2*c - 13 = 13. Suppose 0 = 12*i + 9*i - 2457. Calculate the highest common divisor of c and i.
13
Let u = -679 - -681. What is the greatest common divisor of 23 and u?
1
Suppose 2*a = -2*m + 26 + 34, -a = 5*m - 146. Suppose 5*d + 3*s - m = 3*d, -53 = -3*d + 5*s. What is the highest common factor of 40 and d?
8
Suppose -5*a = -f + 50, -5*f + 5*a - 340 = -10*f. What is the highest common factor of 39 and f?
13
Let p(z) = -z**3 + 9*z**2 - 8*z + 11. Let a be p(8). Suppose 0 = 8*v - 508 - 284. Calculate the greatest common factor of a and v.
11
Let g be ((-7201)/(-171))/1 - (-1)/(-9). What is the greatest common divisor of 700 and g?
14
Let d = 20 - 16. Let s(f) = f**2 + d*f**2 - 5*f - 2 - f - 3*f**2. Let b be s(-4). Calculate the highest common factor of b and 6.
6
Suppose -12*a - 1750 = 2*a. Let v = a + 135. Suppose 5*i - 2*o - 33 = 0, -3*i - 2*o + 7 = -0*i. Calculate the greatest common divisor of i and v.
5
Suppose -3*i + 9*i = 78. Calculate the greatest common factor of i and 637.
13
Let o = -1014 + 1023. Calculate the highest common factor of o and 75.
3
Suppose 5*r = 5*v + 475, -2*v = 3*v + 25. Suppose -4*h = 3*f - 34, -30 = -4*f - 3*h + 13. What is the greatest common divisor of f and r?
10
Let x(y) = y**2 + 7*y - 3. Let r be x(-8). Let m be (-10)/(-3)*48/r. What is the highest common factor of 4 and m?
4
Suppose y + 9*j = 4*j + 68, -3 = -3*j. Let x be (22/33)/(2/y) + 2. What is the highest common divisor of 253 and x?
23
Suppose -6*p = -7*p + 275. Suppose -m + 90 = -2*o + 3*o, 3*m + 4*o = p. What is the greatest common factor of m and 17?
17
Let t be 14/4 + (11 - 84/8). What is the highest common divisor of t and 128?
4
Suppose -25*u + 122 + 3 = 0. What is the highest common factor of 505 and u?
5
Let l = -24 - -29. Let c(o) = o - 2. Let s be c(l). Calculate the greatest common divisor of 3 and s.
3
Suppose 5*g - 20 = 0, 2*g - 5*g = 3*c. Let a be 0*c/(-16)*-2. Suppose j + 0 - 8 = a. Calculate the greatest common divisor of j and 56.
8
Let c(t) = -t**2 - 19*t + 29. Let g be c(-14). Let y be g/((-6)/12*-3). What is the highest common divisor of 44 and y?
22
Let c = -62 + 89. Suppose 0 =